{"id":157,"date":"2018-04-27T15:26:23","date_gmt":"2018-04-27T12:26:23","guid":{"rendered":"https:\/\/antikacidukkani.com\/antikaci\/?page_id=157"},"modified":"2018-04-27T16:00:42","modified_gmt":"2018-04-27T13:00:42","slug":"asure","status":"publish","type":"page","link":"https:\/\/antikacidukkani.com\/antikaci\/asure\/","title":{"rendered":"A\u015eURE"},"content":{"rendered":"<div id=\":3v.ma\" class=\"Mu SP\" title=\"April 27, 2018 at 3:22:53 PM UTC+3\" data-tooltip=\"April 27, 2018 at 3:22:53 PM UTC+3\"><span id=\":3v.co\" class=\"tL8wMe EMoHub\" dir=\"ltr\"><br \/>\n<i>Muharrem ay\u0131n\u0131n onuncu g\u00fcn\u00fc yap\u0131lan g\u00fczel bir tatl\u0131 a\u015fure. Efsaneye g\u00f6re Nuh Peygamber\u2019in gemisinde kalan son erzak\u0131n kar\u0131\u015ft\u0131r\u0131larak tatl\u0131 bir \u00e7orba \u015feklinde pi\u015firilmesidir. M\u00fcsl\u00fcman aleminde ve T\u00fcrklerde muharrem ay\u0131nda pi\u015firilmesi gelenek halini alm\u0131\u015ft\u0131r. Bir\u00e7ok bakliyat\u0131 bir araya kat\u0131p lezzetli ve doyurucu bir tatl\u0131 ortaya \u00e7\u0131karmakt\u0131r maharet. Amac\u0131 ise en az yedi haneye, e\u015fe dosta ikram etmek, ihtiya\u00e7 sahiplerine ula\u015ft\u0131rmakt\u0131r. En az on iki \u00e7e\u015fit bakliyat ile yap\u0131lmas\u0131 adettendir. Ayr\u0131ca bir\u00e7ok ya\u015f ve kuruyemi\u015f ile baharatlar ilave edilmektedir.<\/i><br \/>\n<i>Ben tatl\u0131y\u0131 \u00e7ok seven biri olarak ve mutfakta yakalamak istedi\u011fim m\u00fckemmel lezzetlerden dolay\u0131 a\u015fure ile fazlaca ha\u015f\u0131r ne\u015fir olmu\u015f a\u015f\u00e7\u0131lardan biriyim. Her yapt\u0131\u011f\u0131mda kendimle yar\u0131\u015farak k\u0131rk bir \u00e7e\u015fit malzemeye kadar ula\u015ft\u0131m.<\/i><i>\u00a0\u00a0\u00a0\u00a0\u00a0\u00a0\u00a0\u00a0\u00a0\u00a0\u00a0\u00a0\u00a0\u00a0\u00a0\u00a0\u00a0\u00a0\u00a0\u00a0\u00a0\u00a0\u00a0\u00a0\u00a0\u00a0\u00a0\u00a0\u00a0\u00a0\u00a0\u00a0\u00a0\u00a0\u00a0\u00a0\u00a0\u00a0\u00a0\u00a0\u00a0\u00a0\u00a0\u00a0\u00a0\u00a0\u00a0\u00a0\u00a0\u00a0\u00a0\u00a0\u00a0\u00a0\u00a0\u00a0\u00a0\u00a0\u00a0\u00a0\u00a0\u00a0\u00a0\u00a0\u00a0\u00a0\u00a0\u00a0\u00a0\u00a0\u00a0\u00a0\u00a0\u00a0\u00a0\u00a0\u00a0\u00a0\u00a0\u00a0\u00a0\u00a0\u00a0\u00a0\u00a0\u00a0\u00a0\u00a0\u00a0\u00a0\u00a0\u00a0\u00a0\u00a0\u00a0\u00a0\u00a0\u00a0\u00a0\u00a0\u00a0\u00a0\u00a0\u00a0\u00a0\u00a0\u00a0\u00a0\u00a0\u00a0\u00a0\u00a0\u00a0\u00a0\u00a0<\/i><i>\u00d6nce a\u015furenin olmazsa olmazlar\u0131ndan ve p\u00fcf noktalar\u0131ndan bahsedece\u011fim. Sonra beraber pi\u015firece\u011fiz. Daha sonra da, a\u015fure misali her an\u0131 zorlu s\u0131navlarla dolu olan ya\u015fant\u0131ma akaca\u011f\u0131z.<\/i><i>\u00a0\u00a0<\/i><i>\u00d6nce benim a\u015furemin malzemeleriyle sizi tan\u0131\u015ft\u0131raca\u011f\u0131m. \u015eekeri oldu\u011fum YA\u015eAM A\u015eUREM\u0130N tarifini okuyaca\u011f\u0131z. Pi\u015firdi\u011finiz a\u015fureden alaca\u011f\u0131n\u0131z lezzet el becerinizde, benim a\u015furemi okurken alaca\u011f\u0131n\u0131z tat, sat\u0131rlar i\u00e7inde kendinizi ne kadar buldu\u011funuzda gizlidir. Ve neticede i\u00e7inde bir zerre oldu\u011fumuz yarad\u0131l\u0131\u015f program\u0131n\u0131n a\u015furesinin hik\u00e2yesini aktarmaya \u00e7al\u0131\u015faca\u011f\u0131m. \u0130\u015fte bu hik\u00e2yeden \u00e7\u0131karaca\u011f\u0131n\u0131z bilgi alaca\u011f\u0131n\u0131z tat kendi ya\u015fam a\u015furenizdeki ula\u015ft\u0131\u011f\u0131n\u0131z lezzetle orant\u0131l\u0131 olacakt\u0131r.<\/i><\/span><\/div>\n<div id=\":3w.ma\" class=\"Mu SP\" data-tooltip=\"April 27, 2018 at 3:24:07 PM UTC+3\">\n<div id=\":3w.at\" class=\"xH\"><\/div>\n<p><span id=\":3w.co\" class=\"tL8wMe EMoHub\" dir=\"ltr\"><i>1.B\u00d6L\u00dcM\u00a0\u00a0<\/i><i>\u00a0\u00a0\u00a0\u00a0\u00a0\u00a0<\/i><br \/>\n<i>A\u015furenin tarih\u00e7esini inceledi\u011fimizde t\u00fcm din inan\u0131\u015flar\u0131nda yeri oldu\u011funu g\u00f6r\u00fcyoruz. Evrenin yarad\u0131l\u0131\u015f\u0131, Hz. Yunus\u2019un bal\u0131\u011f\u0131n karn\u0131ndan \u00e7\u0131kmas\u0131, Hz. \u0130dris\u2019in g\u00f6\u011fe \u00e7\u0131kmas\u0131, Hz. Musa\u2019n\u0131n k\u0131z\u0131l denizi ge\u00e7mesi, Hz. \u0130sa\u2019n\u0131n do\u011fumu, Hz. Adem\u2019in t\u00f6vbesinin kabul edildi\u011fi g\u00fcn, Hz. \u0130brahim\u2019in yanmaktan kurtuldu\u011fu g\u00fcn, Hz. Yakup\u2019un o\u011flu Yusuf\u2019a kavu\u015ftu\u011fu g\u00fcn ve Nuh\u2019un gemisinin sular\u0131n \u00e7ekildi\u011finde Cudi Da\u011f\u0131na oturdu\u011fu g\u00fcn miladi takvime g\u00f6re muharrem ay\u0131n\u0131n onuncu g\u00fcn\u00fcne rastlamaktad\u0131r. \u0130branicede \u2018on\u2019un kar\u015f\u0131l\u0131\u011f\u0131 \u2018a\u015fura\u2019 d\u0131r. Hz. H\u00fcseyin\u2019in Kerbela\u2019da \u015fehit edilmesi yine muharrem ay\u0131n\u0131n onuna rastlar. 10 Ekim680 (hicri 61) de Kerbela\u2019da \u00f6len 72 ki\u015finin an\u0131s\u0131na islam aleminde bu g\u00fcn hay\u0131r g\u00fcn\u00fcd\u00fcr. Evlerde kazanlarla a\u015fure kaynat\u0131l\u0131p konu kom\u015fuya da\u011f\u0131t\u0131lmaktad\u0131r. M\u00fcsl\u00fcmanlar\u0131n bir k\u0131sm\u0131n\u0131n inan\u0131\u015fa g\u00f6re a\u015fure g\u00fcn\u00fc tutulan orucun sevaplar\u0131 saymakla bitmez. Bir di\u011fer k\u0131s\u0131m a\u015fure g\u00fcn\u00fcnden bir g\u00fcn \u00f6ncesi ve sonras\u0131 oru\u00e7 tutulmas\u0131n\u0131, o g\u00fcn tutulacak orucun mekruh oldu\u011funu savunur.<\/i><br \/>\n<i>Ge\u00e7mi\u015fe bakt\u0131\u011f\u0131m\u0131zda geleneklerimiz ve inan\u00e7lar\u0131m\u0131z\u0131n i\u015faretledi\u011fi \u015fekil ibadetlerini irdeledi\u011fimizde hepsinin alt\u0131nda yatan ge\u00e7erli gerek\u00e7eleri ve nedenlerini g\u00f6rebiliyoruz. Hen\u00fcz daha ula\u015famad\u0131\u011f\u0131m\u0131z teknoloji ve bilgiler kim bilir bizleri daha ne kadar anla\u015f\u0131l\u0131r sakin nezih ortamlara \u00e7ekecektir. Ancak insano\u011flu yemek yeme ihtiyac\u0131n\u0131 ba\u015fka bir \u015fekilde kar\u015f\u0131layamad\u0131\u011f\u0131 s\u00fcrece tat alma duyumuz \u00f6nemli bir zaaf\u0131m\u0131zd\u0131r. Ve daha g\u00fczel lezzetleri insano\u011flu devaml\u0131 arayacakt\u0131r. Yoklukta, olan malzemelerin kar\u0131\u015f\u0131m\u0131 ile doymacas\u0131na yap\u0131lan A\u015fure bir\u00e7ok \u00f6\u011fretinin de simgesidir. A\u015fure g\u00fcn\u00fcnde yap\u0131lan s\u00f6yle\u015filer, insan ili\u015fkilerini g\u00fc\u00e7lendirme, \u00e7evremizdekileri tan\u0131ma, hay\u0131r i\u015fleme ad\u0131na insanlar\u0131 d\u00fc\u015f\u00fcnceye itmek, bunun keyfine vard\u0131rmakt\u0131r ama\u00e7. A\u015fure gere\u011fi gibi yap\u0131ld\u0131\u011f\u0131nda i\u00e7inde \u00e7e\u015fitli mineral ve vitaminleri i\u00e7eren \u00e7ok da sa\u011fl\u0131kl\u0131 bir yiyecektir. V\u00fccut direncini artt\u0131ran protein ve vitaminleri bol miktarda i\u00e7erir.<\/i><\/span><\/p>\n<\/div>\n<h4><a href=\"http:\/\/www.dr.com.tr\/Kitap\/Asure\/Emine-Nilgun-Yurtsever\/Edebiyat\/Turk-Gunluk-Ani\/urunno=0000000720019\" target=\"_blank\" rel=\"noopener\">Kitab\u0131 sat\u0131n <\/a><a href=\"http:\/\/www.dr.com.tr\/Kitap\/Cundada-Yolculuk\/Emine-Nilgun-Yurtsever\/Edebiyat\/Turk-Oyku\/urunno=0001708543001\" target=\"_blank\" rel=\"noopener\">almak i\u00e7in t\u0131klay\u0131n\u0131z&#8230;<\/a><a href=\"http:\/\/www.dr.com.tr\/Kitap\/Asure\/Emine-Nilgun-Yurtsever\/Edebiyat\/Turk-Gunluk-Ani\/urunno=0000000720019\" target=\"_blank\" rel=\"noopener\"><img loading=\"lazy\" decoding=\"async\" class=\"alignleft wp-image-164\" src=\"https:\/\/antikacidukkani.com\/antikaci\/wp-content\/uploads\/2018\/04\/Cundada-Yolculuk-150x150.jpg\" alt=\"\" width=\"136\" height=\"136\" srcset=\"https:\/\/antikacidukkani.com\/antikaci\/wp-content\/uploads\/2018\/04\/Cundada-Yolculuk-150x150.jpg 150w, https:\/\/antikacidukkani.com\/antikaci\/wp-content\/uploads\/2018\/04\/Cundada-Yolculuk-300x300.jpg 300w, https:\/\/antikacidukkani.com\/antikaci\/wp-content\/uploads\/2018\/04\/Cundada-Yolculuk-75x75.jpg 75w, https:\/\/antikacidukkani.com\/antikaci\/wp-content\/uploads\/2018\/04\/Cundada-Yolculuk-444x444.jpg 444w, https:\/\/antikacidukkani.com\/antikaci\/wp-content\/uploads\/2018\/04\/Cundada-Yolculuk.jpg 512w\" sizes=\"auto, (max-width: 136px) 100vw, 136px\" \/><\/a><\/h4>\n","protected":false},"excerpt":{"rendered":"<p>Muharrem ay\u0131n\u0131n onuncu g\u00fcn\u00fc yap\u0131lan g\u00fczel bir tatl\u0131 a\u015fure. Efsaneye g\u00f6re Nuh Peygamber\u2019in gemisinde kalan son erzak\u0131n kar\u0131\u015ft\u0131r\u0131larak tatl\u0131 bir \u00e7orba \u015feklinde pi\u015firilmesidir. M\u00fcsl\u00fcman aleminde ve T\u00fcrklerde muharrem ay\u0131nda pi\u015firilmesi gelenek halini alm\u0131\u015ft\u0131r. Bir\u00e7ok bakliyat\u0131 bir araya kat\u0131p lezzetli ve doyurucu bir tatl\u0131 ortaya \u00e7\u0131karmakt\u0131r maharet. Amac\u0131 ise en az yedi haneye, e\u015fe dosta ikram [&hellip;]<\/p>\n","protected":false},"author":1,"featured_media":0,"parent":0,"menu_order":0,"comment_status":"closed","ping_status":"closed","template":"","meta":{"footnotes":""},"class_list":["post-157","page","type-page","status-publish","hentry"],"_links":{"self":[{"href":"https:\/\/antikacidukkani.com\/antikaci\/wp-json\/wp\/v2\/pages\/157","targetHints":{"allow":["GET"]}}],"collection":[{"href":"https:\/\/antikacidukkani.com\/antikaci\/wp-json\/wp\/v2\/pages"}],"about":[{"href":"https:\/\/antikacidukkani.com\/antikaci\/wp-json\/wp\/v2\/types\/page"}],"author":[{"embeddable":true,"href":"https:\/\/antikacidukkani.com\/antikaci\/wp-json\/wp\/v2\/users\/1"}],"replies":[{"embeddable":true,"href":"https:\/\/antikacidukkani.com\/antikaci\/wp-json\/wp\/v2\/comments?post=157"}],"version-history":[{"count":4,"href":"https:\/\/antikacidukkani.com\/antikaci\/wp-json\/wp\/v2\/pages\/157\/revisions"}],"predecessor-version":[{"id":172,"href":"https:\/\/antikacidukkani.com\/antikaci\/wp-json\/wp\/v2\/pages\/157\/revisions\/172"}],"wp:attachment":[{"href":"https:\/\/antikacidukkani.com\/antikaci\/wp-json\/wp\/v2\/media?parent=157"}],"curies":[{"name":"wp","href":"https:\/\/api.w.org\/{rel}","templated":true}]}}