{"id":58,"date":"2018-04-24T23:34:13","date_gmt":"2018-04-24T23:34:13","guid":{"rendered":"https:\/\/antikacidukkani.com\/antikaci\/?page_id=58"},"modified":"2018-08-08T10:45:08","modified_gmt":"2018-08-08T07:45:08","slug":"antika-dunyasina-yolculuk","status":"publish","type":"page","link":"https:\/\/antikacidukkani.com\/antikaci\/antika-dunyasina-yolculuk\/","title":{"rendered":"Antika D\u00fcnyas\u0131na Yolculuk"},"content":{"rendered":"<p>Sene 2000. \u0130stanbul Taksim\u2019de \u00e7ukurcuma yoku\u015fundan iniyoruz.<br \/>\nE\u015fim tan\u0131\u015ft\u0131\u011f\u0131m\u0131zdan beri hep ileriye y\u00f6nelik bir projesinden bahseder ve beni bu konuda onunla bu hayalini payla\u015fmam i\u00e7in ikna etmeye \u00e7al\u0131\u015f\u0131rd\u0131. Hayali; antika e\u015fyalarla d\u00f6\u015fenmi\u015f, duvarlar\u0131 eski kitaplarla doldurulmu\u015f bir kafeterya, bir dan\u0131\u015fma kul\u00fcb\u00fc gibi bir yeri i\u015fletmekti. Ya\u015fl\u0131l\u0131\u011f\u0131m\u0131zda nezih b\u00f6yle bir mekan g\u00fczel olabilir, neden olmas\u0131n?<br \/>\nBu yoku\u015ftan a\u015fa\u011f\u0131 tan\u0131d\u0131\u011f\u0131 bir antikac\u0131n\u0131n d\u00fckkan\u0131na gidiyoruz. Zaman zaman ald\u0131\u011f\u0131 antika par\u00e7alar\u0131n bilgilerini evde benimle payla\u015f\u0131r, yerle\u015ftirmekten, biriktirmekten b\u00fcy\u00fck keyif al\u0131rd\u0131. B\u00fcy\u00fcd\u00fc\u011f\u00fcm ev ve \u00e7evremde bana yabanc\u0131 olmayan ancak \u00f6zellikle o g\u00fcne kadar dikkatimi \u00e7ekmeyen bir konuydu. Do\u011fru d\u00fczg\u00fcn bir koleksiyonum veya \u00f6zellikle sat\u0131n ald\u0131\u011f\u0131m bir antika e\u015fyam olmam\u0131\u015ft\u0131.<br \/>\nEski ta\u015f bir binan\u0131n zemin kat\u0131nda a\u00e7\u0131k ah\u015fap bir kap\u0131dan girip merdivenle a\u015fa\u011f\u0131ya iniyoruz. Lo\u015f ve a\u011f\u0131r kokular\u0131n olu\u015fturdu\u011fu havas\u0131z bir ortam. Her \u015fey, bir ba\u015fka \u015feyin \u00fcst\u00fcnde adeta. Tavanda her an d\u00fc\u015fecekmi\u015f gibi sallanan avize \u00e7ok kollu, ancak \u00fc\u00e7 ampul\u00fc yan\u0131yor. D\u00fckkan sahibi orta ya\u015fl\u0131 bir bey bizi arka tarafta \u00fcst\u00fc bo\u015f olan iki berjer koltu\u011fa g\u00f6t\u00fcrerek oturmam\u0131z\u0131 s\u00f6yledi. Megafondan \u00fc\u00e7 \u00e7ay istedi. Aya\u011f\u0131 i\u00e7eri yamulmu\u015f pufu \u00e7ekti ve oturdu. Korkutucu bir film \u015feridi gibiydi. Antika ile ilgili bir d\u00fckkan hayali benim i\u00e7in o g\u00fcn i\u00e7in \u00c7ukur cumada ba\u015flamadan bitmi\u015fti. D\u00fczensiz, k\u00f6t\u00fc kokulu, tozlu, hasarl\u0131, izbe, eski \u2026.b\u00fct\u00fcn bu s\u00f6zc\u00fckler benim hayallerimin \u00f6tesinde ta\u015f\u0131yamayaca\u011f\u0131m vas\u0131flard\u0131.<br \/>\n\u2018Her \u015feyde bir hay\u0131r vard\u0131r\u2019 demi\u015f ya Atalar\u0131m\u0131z. Aynen \u00f6yle; o g\u00fcnlerde \u00e7ok \u015f\u0131k, g\u00f6rkemli, tertipli bir antikac\u0131 d\u00fckkan\u0131na girip bu i\u015fe heveslenip \u0130stanbul\u2019da bu i\u015fe soyunsayd\u0131m; bu g\u00fcn \u015fu oldu\u011fum durumda i\u015finden keyif alan, her g\u00fcn bilgisini artt\u0131ran, \u00fcr\u00fcn yelpazesini geli\u015ftiren biri olamazd\u0131m. O y\u0131llarda benim \u2018Ticaret\u2019 ile ilgili bilgilere ula\u015fmam i\u00e7in ya\u015famam gereken s\u0131navlar\u0131m, ya\u015fayacaklar\u0131m varm\u0131\u015f. \u00c7ukur cumada ya\u015fad\u0131\u011f\u0131m hayal k\u0131r\u0131kl\u0131\u011f\u0131 farkl\u0131 bir \u015fekilde yine ya\u015fan\u0131r ve bir daha Antika konusu benim i\u00e7in tekrarlanmamak \u00fczere kapan\u0131rd\u0131.<br \/>\nSene 2002 y\u0131lsonu Cunda\u2019da \u00fc\u00e7 senedir yazlar\u0131 gidip geldi\u011fimiz evimize u\u011frad\u0131k. Biraz da niyetimiz burada yerle\u015fmek ama\u00e7l\u0131 ara\u015ft\u0131rma yapmakt\u0131. Biz \u00e7al\u0131\u015fmadan aya\u011f\u0131m\u0131z\u0131 uzat\u0131p sadece ev ve bah\u00e7e i\u015fleri ile ya\u015fant\u0131m\u0131z\u0131 t\u00fcketecek yap\u0131da insanlar de\u011fildik. Bir \u015feyler yapmam\u0131z gerekiyordu. \u00c7ar\u015f\u0131n\u0131n i\u00e7inde direkleri \u00fczerinde daha \u00e7at\u0131s\u0131 al\u0131nmam\u0131\u015f yar\u0131m bir in\u015faat vard\u0131. \u0130ki senedir \u00f6n\u00fcnden gelip ge\u00e7tik\u00e7e seksen metre kare kadar olan bu alan\u0131n ne kadar g\u00fczel bir antikac\u0131 d\u00fckkan\u0131 olabilece\u011fini hep d\u00fc\u015f\u00fcn\u00fcrd\u00fcm. Seyahatlerimiz s\u0131ras\u0131nda bir \u00e7ok \u00fclkede g\u00f6rd\u00fc\u011f\u00fcm antikac\u0131 d\u00fckkanlar\u0131 ile bu konudaki korku ve tak\u0131nt\u0131lar\u0131m bitmi\u015f, hatta kendime g\u00f6re yeni hayaller olu\u015fturmaya ba\u015flam\u0131\u015ft\u0131m. Yakla\u015f\u0131k iki senedir koleksiyonlar\u0131m olu\u015fmu\u015f ve antika i\u00e7in \u00f6zel bir b\u00fct\u00e7e ay\u0131r\u0131r olmu\u015ftum.<br \/>\nE\u015fimle bu natamam in\u015faat\u0131n \u00f6n\u00fcnde ayn\u0131 \u015feyleri d\u00fc\u015f\u00fcnd\u00fc\u011f\u00fcm\u00fcz anda hemen ara\u015ft\u0131r\u0131p, sahibi ile konu\u015fup in\u015faat\u0131n\u0131 tamamlama kar\u015f\u0131l\u0131\u011f\u0131 belli bir s\u00fcre kiralayarak emelimize kavu\u015fmu\u015ftuk. 2003 y\u0131l\u0131 \u015eubat ay\u0131 d\u00fckkan\u0131m\u0131z\u0131n i\u00e7ine ilk e\u015fyalar\u0131 ta\u015f\u0131m\u0131\u015f, muhasebe i\u015flemleri tamamlanm\u0131\u015f d\u00fckkan\u0131n a\u00e7\u0131l\u0131\u015f\u0131 ile ilgili programlar yapmaya ba\u015flam\u0131\u015ft\u0131k. O y\u0131l d\u00fc\u015f\u00fcnd\u00fc\u011f\u00fcm\u00fcz gibi co\u015fkulu ge\u00e7medi.<br \/>\n2003 benim e\u015fimle beraber \u00f6zel s\u0131navlar\u0131m\u0131z\u0131 ya\u015fad\u0131\u011f\u0131m\u0131z bir y\u0131ld\u0131.<br \/>\nSa\u011fl\u0131\u011f\u0131m\u0131zla ilgili epey a\u011f\u0131r operasyonlar ge\u00e7irdik. Nekahat d\u00f6nemlerimiz ac\u0131l\u0131 ve uzun s\u00fcrm\u00fc\u015ft\u00fc. \u00c7ocuklar\u0131m\u0131z\u0131n en zor, problemli d\u00f6nemleriydi. Bizim sa\u011fl\u0131k sorunlar\u0131m\u0131z onlar\u0131n problemlerinin i\u00e7inden tekrar do\u011farak ger\u00e7ek hayata d\u00f6n\u00fc\u015flerini sa\u011flam\u0131\u015ft\u0131. \u0130stanbul\u2019daki i\u015flerimizin getirdi\u011fi zorluklar ayr\u0131 bir konu. 2003 de biz ailecek b\u00fct\u00fcn bunlar\u0131n alt\u0131ndan kalkt\u0131k. Ar\u0131nd\u0131k, cesaretle yeni olu\u015fumlar\u0131 kucaklad\u0131k, bug\u00fcn ki d\u00fczenin geni\u015f sahanl\u0131\u011f\u0131n\u0131 d\u00f6\u015feyip yolumuza devam ettik. 2004 D\u00fckkan\u0131m\u0131zda ya\u015fant\u0131m\u0131zda yepyeni bir sayfa a\u00e7m\u0131\u015ft\u0131k.<\/p>\n<p>&nbsp;<\/p>\n<p>&nbsp;<\/p>\n","protected":false},"excerpt":{"rendered":"<p>Sene 2000. \u0130stanbul Taksim\u2019de \u00e7ukurcuma yoku\u015fundan iniyoruz. E\u015fim tan\u0131\u015ft\u0131\u011f\u0131m\u0131zdan beri hep ileriye y\u00f6nelik bir projesinden bahseder ve beni bu konuda onunla bu hayalini payla\u015fmam i\u00e7in ikna etmeye \u00e7al\u0131\u015f\u0131rd\u0131. Hayali; antika e\u015fyalarla d\u00f6\u015fenmi\u015f, duvarlar\u0131 eski kitaplarla doldurulmu\u015f bir kafeterya, bir dan\u0131\u015fma kul\u00fcb\u00fc gibi bir yeri i\u015fletmekti. Ya\u015fl\u0131l\u0131\u011f\u0131m\u0131zda nezih b\u00f6yle bir mekan g\u00fczel olabilir, neden olmas\u0131n? Bu [&hellip;]<\/p>\n","protected":false},"author":1,"featured_media":0,"parent":0,"menu_order":0,"comment_status":"closed","ping_status":"closed","template":"","meta":{"footnotes":""},"class_list":["post-58","page","type-page","status-publish","hentry"],"_links":{"self":[{"href":"https:\/\/antikacidukkani.com\/antikaci\/wp-json\/wp\/v2\/pages\/58","targetHints":{"allow":["GET"]}}],"collection":[{"href":"https:\/\/antikacidukkani.com\/antikaci\/wp-json\/wp\/v2\/pages"}],"about":[{"href":"https:\/\/antikacidukkani.com\/antikaci\/wp-json\/wp\/v2\/types\/page"}],"author":[{"embeddable":true,"href":"https:\/\/antikacidukkani.com\/antikaci\/wp-json\/wp\/v2\/users\/1"}],"replies":[{"embeddable":true,"href":"https:\/\/antikacidukkani.com\/antikaci\/wp-json\/wp\/v2\/comments?post=58"}],"version-history":[{"count":5,"href":"https:\/\/antikacidukkani.com\/antikaci\/wp-json\/wp\/v2\/pages\/58\/revisions"}],"predecessor-version":[{"id":677,"href":"https:\/\/antikacidukkani.com\/antikaci\/wp-json\/wp\/v2\/pages\/58\/revisions\/677"}],"wp:attachment":[{"href":"https:\/\/antikacidukkani.com\/antikaci\/wp-json\/wp\/v2\/media?parent=58"}],"curies":[{"name":"wp","href":"https:\/\/api.w.org\/{rel}","templated":true}]}}